der when i is divided by h.
11
Let b = 1163 + -267. Suppose 127 = 2*o - 2*u - 319, 4*o - 5*u - b = 0. What is the remainder when o is divided by 37?
34
Let n(p) = -p + 13. Suppose 5*h + 60 = 5*s, -4*s - 44 = -9*s - 3*h. Let z be n(s). Calculate the remainder when (z/(-2))/(2 - 100/48) is divided by 5.
3
Let h(x) = x**3 + 7*x**2 + 11*x + 4. Suppose 16*d - 73 = -159 + 1478. What is the remainder when d is divided by h(-4)?
7
Let j be -2 - (-1)/(3/12). Suppose -15 = b + j*b. What is the remainder when (b + 33/9)*(-57)/2 is divided by 14?
10
Let s(m) = 7*m**2 + m - 1. Let j(k) = 137*k - 256. Calculate the remainder when s(-2) is divided by j(2).
7
Let w be 5 + (24/4 - 4). Suppose 8*u = w*u + c, 0 = 4*u + c - 15. Suppose d + 2*l = 13, -17 - 30 = -5*d - 4*l. What is the remainder when d is divided by u?
1
Let m = -5 + 69. Calculate the remainder when m is divided by (12/(-10))/((-18)/(-45)) + 1*16.
12
Calculate the remainder when 301 is divided by -11 - (4/(-6))/((-88)/(-23628)).
133
Let q = 5462 + -5144. What is the remainder when q is divided by 163?
155
Let d(v) = 8*v + 11. Suppose -29 = -5*m + 51. Let i be d(m). Suppose -5*r + i = 2*a, -3*r + 2*r + 23 = 2*a. Calculate the remainder when r is divided by 6.
5
Let k(i) be the second derivative of 0 + 6*i - 7/2*i**2 - 4/3*i**3. Calculate the remainder when k(-2) is divided by 8.
1
What is the remainder when 30450/750 + 14/10 is divided by 3?
0
Suppose 3*k + 11 = -d + 75, -4*k - d + 83 = 0. Let p = -194 + 288. What is the remainder when p is divided by k?
18
Suppose -2*j + 3*n + 206 = -j, 0 = -2*j - 9*n + 502. What is the remainder when 6045 is divided by j?
221
Let v(u) = 13*u - 46. Calculate the remainder when ((-35)/(-2))/(4/8) is divided by v(4).
5
What is the remainder when -2 + 10667 + (-79 - -93) is divided by 89?
88
What is the remainder when 66/42 + -2 - 8/14 - -74 is divided by 1?
0
Let p(k) be the first derivative of -k**3/3 + 7*k**2/2 - 6*k - 9. Let r be p(4). Suppose -r*c - 72 = -12*c. What is the remainder when 35 is divided by c?
11
Let d(f) = -f**3 + 2*f**2 - f - 15. Let r be d(0). What is the remainder when 381 is divided by 144/r*(-1 - 102/18)?
61
Let x(f) = f**3 + 23*f**2 + 58*f + 2. Let z be x(-20). Suppose 4*d = 5*p + z + 130, 4*p + 86 = 2*d. What is the remainder when 427 is divided by d?
40
Let p = -517 + 520. Suppose p*x = 282 - 99. What is the remainder when 301 is divided by x?
57
Let t = -8348 - -10374. What is the remainder when t is divided by 78?
76
Suppose 5 + 7 = 3*l. Suppose -g = -l*a - 17, -4*g - a = 2*a - 30. Suppose -g*q - 44 = -10*q. What is the remainder when q is divided by 17?
10
Suppose -s - 308 = -4*a - 2*s, -231 = -3*a - 5*s. Calculate the remainder when a is divided by 180*24/504*14*3/12.
17
Suppose 130*h - 328483 = 36*h + 6627. Calculate the remainder when h is divided by 21.
16
Suppose 3*u + 231 = -3*s, 4*u - 3*s = -2*s - 293. What is the remainder when (-2)/(-11) + 2108/22 is divided by 21 - (u/14 - (-2)/7)?
18
Let a(o) = -39*o - 579. What is the remainder when 81 is divided by a(-15)?
3
Let z(s) = -125*s - 2925. What is the remainder when z(-26) is divided by 97?
34
Let m = -9862 + 10616. Calculate the remainder when m is divided by 59.
46
Let j = 39 + -23. Let c(r) = -r**2 - 47*r + 1451. What is the remainder when c(-68) is divided by j?
7
Suppose -3*l - 189 = -63. Let h be (-31)/((-8)/(-48)*-3). Let o = l + h. What is the remainder when o is divided by 8?
4
Suppose -4*s - 2*q - 3*q + 124 = 0, 4 = q. Suppose -4*p - p - 5*a = -25, 0 = -p + 4*a. Let x = 11 - p. What is the remainder when s is divided by x?
5
Suppose 3*p = -g + 16, -5*g = p + 4*p - 110. Let d = 179 - -44. Let h = -126 + d. Calculate the remainder when h is divided by g.
22
Suppose -16 = 4*p - 0, -r + 4*p = -6. Calculate the remainder when ((-44)/3)/(616/63 + r) is divided by 26.
14
Suppose -28*r = 337 + 167. Let w(s) = 2*s**2 + 33*s - 28. What is the remainder when w(r) is divided by 13?
0
Let v be (26/2)/(5/(-5)). Let y = v - -46. What is the remainder when y is divided by ((-1)/((-36)/(-39) + -1))/1?
7
Let t = 713 - 563. What is the remainder when 534 is divided by t?
84
Suppose 22*s - 727 = 1781. Let u = -106 + s. Calculate the remainder when 20 is divided by u.
4
Suppose -986 = -5*s - 78*u + 75*u, 788 = 4*s + 2*u. Calculate the remainder when 9405 is divided by s.
193
Suppose -32*y + 28*y + 5*l + 25 = 0, -3*l + 9 = 0. Calculate the remainder when 2005 is divided by y.
5
Suppose 348 = 6*w + 6*w. Suppose 4*g = 16, 106*j + 3*g = 110*j - 4. What is the remainder when w is divided by j?
1
Let a = -1880 - -1994. What is the remainder when a is divided by 20?
14
Let k(o) = -4*o + 49. Let b be k(9). Let i(a) = -a**3 + 14*a**2 - 12*a + 14. Let c = -17 - -31. What is the remainder when i(b) is divided by c?
13
Suppose -5*y = 39 - 69. Suppose 7*z - 3*z - 3*i - 31 = 0, -8 = 3*z + 4*i. Suppose -z*s + 9 = -11. What is the remainder when y is divided by s?
1
What is the remainder when 81 + (4/(-3))/((-148)/666) is divided by 72?
15
Let q be 42/(14/8 + -1). Suppose -y = 5*t - q, 6 - 29 = -2*t - y. What is the remainder when 160 is divided by t?
6
Let d(s) = -42*s - 28. What is the remainder when 347 is divided by d(-4)?
67
Let c = -65 + 285. Suppose 4*h + c = 4*k - 0*k, 163 = 3*k - h. What is the remainder when 268 is divided by k?
52
What is the remainder when -3 + 5088 - (-80 - -66) is divided by 170?
169
Let w(s) = 341*s + 3093. Let z = 54 + -10. Calculate the remainder when z is divided by w(-9).
20
Suppose 0*x - 7*x = -3207 + 491. What is the remainder when x is divided by 19?
8
Suppose 4*u = 5*o + 258, -4*u - 2*o + 272 = -0*o. Let v = u + -49. Calculate the remainder when 48 is divided by v.
12
Let b = -26 + 29. Let v be -4*(-28 + -2)/b. Let s = -25 + v. What is the remainder when 42 is divided by s?
12
Let b = -251 - -257. Suppose -3*u = -b*u + 3. Suppose 4 = -t + 2*t. What is the remainder when t is divided by u?
0
Let i(g) = -g**3 - 4*g**2 + 18*g + 5. Let h be i(-7). Let t be 1/(-2)*-1 + h/(-52). Suppose t*l - 576 = -6*l. What is the remainder when l is divided by 33?
30
Suppose 87 = 16*g - 521. Suppose -10 + 4 = -2*z. Suppose z*w = -5*d + 20, 5*w + 5*d + 2 - 42 = 0. Calculate the remainder when g is divided by w.
8
Suppose 29 = -11*k + 1679. What is the remainder when 605 is divided by k?
5
What is the remainder when -2119*(-4016)/8112 - (-2)/(-39) is divided by 43?
17
Suppose -10*m + 809 = 11*m + 263. What is the remainder when 204 is divided by m?
22
What is the remainder when 16586 is divided by (266/(-28))/((55/(-90))/11)?
170
What is the remainder when 114 is divided by ((-203)/(-14) + -13)/((-3)/(-38))?
0
Let l = 241 - 222. Suppose y - l = -k, 2*k - 30 - 13 = -3*y. What is the remainder when k is divided by 7?
0
Suppose 3*f + 2*p - 1273 = -274, 4*f - 2*p - 1346 = 0. Calculate the remainder when f is divided by 56.
55
Let v = 563 + -561. Let x = -73 + 106. Suppose -4*z = -z - x. Calculate the remainder when z is divided by v.
1
Suppose p - d = 82, -p + 28 + 56 = -2*d. What is the remainder when 158 is divided by p?
78
Let m = 2523 - 2480. Calculate the remainder when 386 is divided by m.
42
Suppose 19*y - 4*y + 405 = 0. Let z = y + 78. What is the remainder when z is divided by 7?
2
Suppose 189*a - 59*a - 8190 = 0. Calculate the remainder when 6109 is divided by a.
61
Suppose 0 = -3*t - 5*r + 62 - 18, -82 = -5*t - 4*r. What is the remainder when 1222 is divided by t?
16
Let j(g) = 18*g**2 - 2*g - 5. Let l be (32 - 38)*1/(-2). Calculate the remainder when j(l) is divided by 52.
47
Let l = -7 + 8. Calculate the remainder when 1/((-2)/(-260)) - l is divided by (-3 + (-5)/2)/((-4)/24).
30
Let j be (-12)/48*-28 + (-2)/2. Suppose 91 = 5*n + 3*f, -4*n + 2*n + 3*f = -28. What is the remainder when n is divided by -1 - (10 + -8 - j)?
2
Suppose 3*m + 87 - 93 = 0. Suppose 3*y + 23 = m*p, 5*y = -p + 6 + 25. What is the remainder when 58 is divided by p?
10
Suppose -17*s - 46 - 260 = 0. Let o be (-198)/(-2) + (s - -23). Suppose -u - o = -3*w, -w + 3*u = -2*w + 28. What is the remainder when w is divided by 18?
16
Let u = -292 + 604. What is the remainder when 160 is divided by u/24 - -1*1?
6
What is the remainder when 83 is divided by 5/3*6/30*87?
25
Let g(w) = -16 - 14 + 50 + w. Let o be g(6)